lse
Does 10 divide 235259?
False
Is 763 a factor of 321058?
False
Does 26 divide 1057446?
True
Is 535 a factor of 5621810?
False
Is 1066 a factor of 15545478?
True
Is 55 a factor of 6520?
False
Is 446972 a multiple of 8?
False
Does 269 divide 4639031?
False
Is 81 a factor of 4681881?
True
Does 18 divide 526904?
False
Is 4 a factor of 450172?
True
Is 1201446 a multiple of 207?
False
Is 29 a factor of 499950?
False
Is 85 a factor of 11275?
False
Is 359460 a multiple of 71?
False
Is 45582 a multiple of 6?
True
Is 12 a factor of 333224?
False
Does 390 divide 249601?
False
Is 32 a factor of 9771989?
False
Is 282439 a multiple of 26?
False
Is 14820 a multiple of 15?
True
Is 211386 a multiple of 172?
False
Is 214 a factor of 16990744?
True
Is 257 a factor of 183009?
False
Does 28 divide 40464?
False
Is 699036 a multiple of 13?
True
Is 22 a factor of 107273?
False
Is 352625 a multiple of 31?
True
Does 203 divide 122253?
False
Is 20 a factor of 62700?
True
Does 8 divide 352888?
True
Is 19966 a multiple of 17?
False
Does 1800 divide 4085843?
False
Is 727 a factor of 5213317?
True
Does 311 divide 1207302?
True
Is 182632 a multiple of 8?
True
Does 18 divide 1281672?
True
Does 26 divide 530452?
True
Does 69 divide 128271?
True
Does 3 divide 311229?
True
Is 1405005 a multiple of 125?
False
Is 2 a factor of 50539?
False
Does 60 divide 73680?
True
Is 9837 a multiple of 3?
True
Is 14 a factor of 2368146?
False
Is 121 a factor of 10074218?
True
Is 5 a factor of 5072425?
True
Does 268 divide 428883?
False
Is 2206243 a multiple of 67?
True
Is 293790 a multiple of 14?
True
Is 5918438 a multiple of 196?
False
Does 12 divide 312832?
False
Is 86 a factor of 857022?
False
Is 28 a factor of 64467?
False
Is 119851 a multiple of 6?
False
Is 81488 a multiple of 44?
True
Is 141201 a multiple of 93?
False
Is 582 a factor of 1524479?
False
Is 95 a factor of 1970789?
False
Is 444684 a multiple of 4?
True
Does 669 divide 170595?
True
Is 49 a factor of 449477?
True
Does 142 divide 946169?
False
Is 422876 a multiple of 60?
False
Does 36 divide 15347?
False
Does 22 divide 40059?
False
Does 2385 divide 10090935?
True
Is 233 a factor of 1042146?
False
Is 224 a factor of 321888?
True
Does 55 divide 932580?
True
Does 232 divide 130182?
False
Does 57 divide 13324823?
False
Is 1325994 a multiple of 62?
True
Is 232800 a multiple of 40?
True
Does 7 divide 55041?
True
Is 2946632 a multiple of 232?
True
Does 4 divide 60202?
False
Is 27 a factor of 309811?
False
Is 106368 a multiple of 24?
True
Is 62 a factor of 1236218?
True
Does 499 divide 3895194?
True
Is 2380 a multiple of 68?
True
Is 12 a factor of 199248?
True
Is 2457287 a multiple of 839?
False
Is 19 a factor of 735243?
True
Does 49 divide 1443059?
False
Does 95 divide 17279803?
False
Does 55 divide 8398995?
True
Is 101565 a multiple of 21?
False
Does 16 divide 856156?
False
Is 238 a factor of 476238?
True
Does 73 divide 104703?
False
Is 10544 a multiple of 11?
False
Does 21 divide 661114?
False
Is 67 a factor of 1281090?
False
Is 45 a factor of 144461?
False
Is 426 a factor of 5012742?
True
Is 8 a factor of 720572?
False
Is 235980 a multiple of 207?
True
Does 178 divide 18190?
False
Is 70 a factor of 778899?
False
Is 10 a factor of 66746?
False
Does 39 divide 374595?
True
Is 7 a factor of 499733?
False
Does 252 divide 100044?
True
Is 1146747 a multiple of 5?
False
Is 14 a factor of 100114?
True
Is 668332 a multiple of 177?
False
Is 1296316 a multiple of 691?
True
Is 464204 a multiple of 52?
True
Is 17 a factor of 759767?
False
Is 230 a factor of 1458200?
True
Is 216 a factor of 1370018?
False
Is 693958 a multiple of 216?
False
Does 45 divide 611235?
True
Is 1397712 a multiple of 148?
True
Is 272 a factor of 101838?
False
Does 10 divide 1295510?
True
Does 84 divide 19142?
False
Does 27 divide 7775379?
True
Does 223 divide 1659270?
False
Does 15 divide 902580?
True
Is 41132 a multiple of 182?
True
Is 4746511 a multiple of 12?
False
Is 1016690 a multiple of 190?
True
Does 2900 divide 5483569?
False
Is 820 a multiple of 4?
True
Is 430 a factor of 2922491?
False
Is 35 a factor of 82335?
False
Is 23985 a multiple of 15?
True
Does 13 divide 1158040?
True
Is 3661625 a multiple of 102?
False
Is 1099042 a multiple of 82?
False
Does 39 divide 1768182?
True
Is 2 a factor of 404014?
True
Does 11 divide 3597485?
False
Is 12130863 a multiple of 331?
False
Is 1294 a factor of 6765032?
True
Is 7 a factor of 64922?
False
Is 408286 a multiple of 36?
False
Is 1109772 a multiple of 261?
True
Is 125 a factor of 317500?
True
Does 11 divide 11200?
False
Is 482864 a multiple of 10?
False
Does 17 divide 1713159?
False
Is 4 a factor of 361652?
True
Is 34306 even?
True
Does 209 divide 335415?
False
Is 38 a factor of 404404?
False
Is 163365 a multiple of 20?
False
Is 2925582 a multiple of 115?
False
Is 6754946 a multiple of 242?
True
Does 54 divide 199669?
False
Is 31 a factor of 193645?
False
Is 129 a factor of 279414?
True
Is 668647 a multiple of 7?
True
Is 399 a factor of 2255567?
False
Is 51036 a multiple of 2?
True
Does 3 divide 263815?
False
Is 15 a factor of 116480?
False
Is 64850 a multiple of 10?
True
Is 334527 a multiple of 49?
False
Is 371 a factor of 8533742?
True
Is 205586 a multiple of 15?
False
Is 51824 a multiple of 79?
True
Does 40 divide 54432?
False
Does 3 divide 30668?
False
Does 4 divide 458638?
False
Is 56 a factor of 19304?
False
Is 318 a factor of 2873448?
True
Is 43 a factor of 306461?
True
Is 118 a factor of 113988?
True
Is 5 a factor of 4780?
True
Is 36 a factor of 200657?
False
Is 813000 a multiple of 10?
True
Does 107 divide 776071?
True
Is 7 a factor of 380576?
True
Does 11 divide 3734530?
False
Is 1141657 a multiple of 17?
False
Does 16 divide 859816?
False
Is 330 a factor of 669703?
False
Is 1765621 a multiple of 19?
False
Is 13471342 a multiple of 551?
False
Is 119284 a multiple of 53?
False
Does 13 divide 196547?
True
Is 194680 a multiple of 310?
True
Is 1615009 a multiple of 171?
False
Does 75 divide 916636?
False
Does 34 divide 113850?
False
Is 1235416 a multiple of 8?
True
Does 111 divide 3589629?
True
Does 418 divide 1190464?
True
Is 7208680 a multiple of 68?
True
Is 146640 a multiple of 195?
True
Is 22 a factor of 111006?
False
Does 162 divide 5184?
True
Is 1411380 a multiple of 20?
True
Does 50 divide 12878850?
True
Does 20 divide 12152?
False
Is 12 a factor of 12121615?
False
Is 38 a factor of 720024?
True
Is 351 a factor of 11934?
True
Does 20 divide 347549?
False
Is 1535 a factor of 4121475?
True
Is 84942 a multiple of 78?
True
Is 113704 a multiple of 162?
False
Does 814 divide 616502?
False
Is 14 a factor of 522575?
False
Is 33 a factor of 1172919?
True
Is 5 a factor of 6413995?
True
Does 1292 divide 2198362?
False
Is 93 a factor of 439983?
True
Does 239 divide 1618269?
True
Is 90 a factor of 606555?
False
Does 4 divide 132059?
False
Is 15 a factor of 17117?
False
Does 6 divide 720852?
True
Is 23 a factor of 173420?
True
Is 362 a factor of 198014?
True
Is 15799560 a multiple of 40?
True
Is 18 a factor of 115051?
False
Does 32 divide 200352?
True
Is 13 a factor of 70483?
False
Is 183 a factor of 28182?
True
Is 44 a factor of 3083739?
False
Is 9 a factor of 16841?
False
Is 71 a factor of 23803?
False
Is 925156 a multiple of 48?
False
Does 20 divide 867754?
False
Is 4223347 a multiple of 124?
False
Is 317526 a multiple of 187?
True
Is 567792 a multiple of 204?
False
Does 6 divide 1050862?
False
Is 131 a factor of 5411700?
False
Does 139 divide 379257?
False
Is 16 a factor of 88336?
True
Is 137 a factor of 652410?
False
Is 63 a factor of 715743?
True
Is 227 a factor of 621753?
True
Does 32 divide 264135?
False
Is 11746 a multiple of 14?
True
Is 48 a factor of 2309376?
True
Is 234361 a multiple of 36?
False
Does 26 divide 13228?
False
Is 368 a factor of 412984?
False
Does 3 divide 277529?
False
Does 62 divide 489614?
True
Is 561 a factor of 1662617?
False
Is 10365 a multiple of 15?
True
Does 299 divide 34015979?
False
Is 103 a factor of 7232248?
True
Is 3 a factor of 243146?
False
Does 79 divide 12453860?
False
Is 3867736 a multiple of 190?
False
Does 576 divide 414720?
True
Is 9 a factor of 147877?
False
Is 960 a factor of 1312320?
True
Is 10837641 a multiple of 61?
False
Is 295918 a multiple of 31?
False
Does 7 divi